{"id":2681,"date":"2019-05-12T02:44:45","date_gmt":"2019-05-12T02:44:45","guid":{"rendered":"http:\/\/unadeca.net\/cwhite4\/?page_id=2681"},"modified":"2020-05-19T19:35:55","modified_gmt":"2020-05-19T19:35:55","slug":"jaime-white","status":"publish","type":"page","link":"https:\/\/unadeca.net\/cwhite\/jaime-white\/","title":{"rendered":"Jaime White"},"content":{"rendered":"<h3>Jaime White<\/h3>\n<h3 style=\"font-weight: 400;\"><img decoding=\"async\" src=\"http:\/\/unadeca.net\/cwhite\/wp-content\/uploads\/2013\/07\/JaimeWhite.jpg\" alt=\"sample image\" width=\"151\" height=\"210\"> <strong>EL APOSTOL PABLO DEL MOVIMIENTO<\/strong><\/h3>\n<p style=\"font-weight: 400;\">Naci\u00f3 el 4 de agosto de 1821 &#8211; Muri\u00f3 el 6 de agosto de 1881<\/p>\n<p style=\"font-weight: 400;\">Los Adventistas del S\u00e9ptimo D\u00eda nunca han conocido a un ejecutivo y dirigente misionero m\u00e1s talentoso y capaz que Jaime White. Fue tambi\u00e9n un poderoso evangelista p\u00fablico. No solo particip\u00f3 con William Miller y Jos\u00e9 Bates y tantos otros predicadores en la proclamaci\u00f3n del advenimiento de nuestro Se\u00f1or cerca de 1840, sino que sobrevivi\u00f3 al movimiento millerita para llegar a ser el primer gran ap\u00f3stol de la causa Adventista del S\u00e9ptimo D\u00eda.<\/p>\n<p style=\"font-weight: 400;\">&nbsp;<\/p>\n<p style=\"font-weight: 400;\">&nbsp;La palabra &#8220;el primero&#8221; se aplica a Jaime White como a ning\u00fan otro ministro en la iglesia. Fue el publicador del primer peri\u00f3dico editado por los Adventistas del S\u00e9ptimo D\u00eda, La Verdad Presente, (1849). Fue el primer editor de la Review and Herald (1850), del Youth&#8217;s Instructor (1852), y tambi\u00e9n del Signs of the Times (1874). Podr\u00eda haber sido el primer presidente de la Asociaci\u00f3n General, pero rechaz\u00f3 el honor ofrecido por la mayor\u00eda de sus hermanos porque hab\u00eda sido jefe defensor de la Organizaci\u00f3n de la Iglesia. No quer\u00eda que la gente pensara que estaba elaborando un puesto para s\u00ed mismo. Sin embargo, fue presidente de la Asociaci\u00f3n General entre 1865-1867, 1868-1871 y 1874-1880.<\/p>\n<p style=\"font-weight: 400;\">La contribuci\u00f3n de Jaime White a la iglesia fue tanto en el campo de publicaciones como en el de liderazgo y administraci\u00f3n de la iglesia. Si hubo un fundador de la Review and Herald Publishing Association fueron \u00e9l y su esposa, Elena G. de White. Lo mismo podr\u00eda decirse de la Pacific Press Publishing Association. Jaime White fue el patrocinador y promotor de estas dos grandes instituciones.<\/p>\n<p style=\"font-weight: 400;\">Muri\u00f3 el 6 de agosto de l881, cuando ten\u00eda solamente sesenta a\u00f1os. Literalmente se mat\u00f3 a s\u00ed mismo trabajando. Se elev\u00f3 a tal estatura que fue dif\u00edcil persuadir a otros hombres a encargarse del trabajo, pues ellos pensaban que \u00e9l estaba calificado para hacerlo mucho mejor. Su esposa le aconsej\u00f3 que compartiera sus responsabilidades. Trat\u00f3 de hacer esto, pero Jaime White era una figura grandiosa, un excelente financista y administrador, escritor, evangelista y ejecutivo. Los hermanos se apoyaron tanto en \u00e9l que la imponente figura cay\u00f3. Sus sesenta a\u00f1os de vida fueron gastados generosa y sacrificadamente. Ning\u00fan otro ministro adventista del s\u00e9ptimo d\u00eda hizo m\u00e1s que \u00e9l para construir altos principios y eficiencia dentro de la vida de nuestras iglesias e instituciones.<\/p>\n<p style=\"font-weight: 400;\">Ver:&nbsp;<em>Captains of the Host, p\u00e1gs. 45-59, Footprints of the Pioners, p\u00e1gs.&nbsp;<\/em><em>117-122, Pioneer Stories Retsed, p\u00e1gs. 59-76.<\/em><\/p>\n<h2 style=\"font-weight: 400;\"><strong>Una Historia Sobre Jaime White<\/strong><\/h2>\n<p style=\"font-weight: 400;\">Jaime White naci\u00f3 en Palmyra, Maine, el 4 de agosto de 1821. Era descendiente de uno de los peregrinos que vinieron en el &#8220;Mayflower&#8221; en 1620. El hecho de que creci\u00f3 en una granja monta\u00f1osa en Maine y vivi\u00f3 en un hogar humilde \u00fanicamente a\u00f1ade inter\u00e9s a la historia de su vida.<\/p>\n<p style=\"font-weight: 400;\">En su juventud fue un maestro de escuela. Lleg\u00f3 a ser un ministro de la denominaci\u00f3n cristiana de Maine. Acept\u00f3 los puntos de vista de Miller sobre la segunda venida y tuvo \u00e9xito en la predicaci\u00f3n de la doctrina de la pronta venida del Salvador.<\/p>\n<p style=\"font-weight: 400;\">En enero de 1843, a mediados de un fr\u00edo invierno de Maine, fue a m\u00e1s de 100 millas de distancia a lomo de caballo, escasamente cubierto y sin dinero, para trabajar entre extranjeros. En una ocasi\u00f3n un grupo, instigados por no creyentes, se juntaron alrededor de la casa de reuniones y quitaron las ventanas. Cuando el joven ministro empez\u00f3 a orar, una bola de nieve silb\u00f3 a trav\u00e9s de la ventana y salpic\u00f3 el techo. Este fue el comienzo de un fusilamiento de bolas de nieve que se estrellaban en el techo y lo mojaban a \u00e9l y a la Biblia. Cerrando su Biblia, empez\u00f3 a mostrar los terribles sucesos del d\u00eda de Dios. Fue inspirado para dar esta clase de serm\u00f3n como nunca hab\u00eda sido capaz de hacerlo antes. R\u00e1pidamente, bajo el curso de su elocuencia, el alborotador de la gente se calm\u00f3. Al hablar, sac\u00f3 un clavo de su bolsa, el cual le hab\u00eda sido arrojado y le hab\u00eda pegado en la frente la noche anterior. Sosteniendo el clavo dijo:<\/p>\n<p style=\"font-weight: 400;\">&#8220;Alg\u00fan pobre pecador me lanz\u00f3 este clavo anoche. Dios se apiade de \u00e9l. El peor deseo que tengo para \u00e9l es que en este momento est\u00e9 tan feliz como lo estoy yo. \u00bfPor qu\u00e9 deb\u00eda resentirme por este insulto cuando a mi Maestro se los pusieron a trav\u00e9s de sus manos?<\/p>\n<p style=\"font-weight: 400;\">&#8220;En ese momento levant\u00f3 sus brazos y coloc\u00f3 sus manos sobre la pared detr\u00e1s de \u00e9l, en la posici\u00f3n de Cristo en la cruz. Con l\u00e1grimas corriendo por sus mejillas, el joven ministro llam\u00f3 a los pecadores al arrepentimiento. El efecto fue poderoso. M\u00e1s de cien estaban llorando y muchos de ellos se levantaron para orar&#8221;.<\/p>\n<p style=\"font-weight: 400;\">&#8220;Terminando la reuni\u00f3n, el joven trat\u00f3 de salir a trav\u00e9s de la multitud. Alguien lo tom\u00f3 del brazo, lo gui\u00f3 y ayud\u00f3 a trav\u00e9s del gent\u00edo. El no conoc\u00eda a esta persona, sin embargo, le parec\u00eda singularmente familiar. Cuando el Sr. White pas\u00f3 a trav\u00e9s de la multitud, perdi\u00f3 a su compa\u00f1ero y nunca supo sobre la identidad de ese protector enviado del cielo. Sus pl\u00e1ticas continuaron en ese lugar por tres o cuatro noches sin la menor oposici\u00f3n, y esto dio como resultado un reavivamiento general&#8221;. Pioneer Stories Retold, p\u00e1gs. 64-65.<\/p>\n<p style=\"font-weight: 400;\">En un lugar el joven Jaime White celebr\u00f3 reuniones p\u00fablicas y doscientos conversos se unieron a la iglesia.<\/p>\n","protected":false},"excerpt":{"rendered":"<p>Jaime White EL APOSTOL PABLO DEL MOVIMIENTO Naci\u00f3 el 4 de agosto de 1821 &#8211; Muri\u00f3 el 6 de agosto de 1881 Los Adventistas del S\u00e9ptimo D\u00eda nunca han conocido a un ejecutivo y dirigente misionero m\u00e1s talentoso y capaz que Jaime White. Fue tambi\u00e9n un poderoso evangelista p\u00fablico. No solo particip\u00f3 con William Miller [&hellip;]<\/p>\n","protected":false},"author":1,"featured_media":0,"parent":0,"menu_order":0,"comment_status":"closed","ping_status":"closed","template":"","meta":{"footnotes":""},"class_list":["post-2681","page","type-page","status-publish","hentry"],"_links":{"self":[{"href":"https:\/\/unadeca.net\/cwhite\/wp-json\/wp\/v2\/pages\/2681","targetHints":{"allow":["GET"]}}],"collection":[{"href":"https:\/\/unadeca.net\/cwhite\/wp-json\/wp\/v2\/pages"}],"about":[{"href":"https:\/\/unadeca.net\/cwhite\/wp-json\/wp\/v2\/types\/page"}],"author":[{"embeddable":true,"href":"https:\/\/unadeca.net\/cwhite\/wp-json\/wp\/v2\/users\/1"}],"replies":[{"embeddable":true,"href":"https:\/\/unadeca.net\/cwhite\/wp-json\/wp\/v2\/comments?post=2681"}],"version-history":[{"count":4,"href":"https:\/\/unadeca.net\/cwhite\/wp-json\/wp\/v2\/pages\/2681\/revisions"}],"predecessor-version":[{"id":2685,"href":"https:\/\/unadeca.net\/cwhite\/wp-json\/wp\/v2\/pages\/2681\/revisions\/2685"}],"wp:attachment":[{"href":"https:\/\/unadeca.net\/cwhite\/wp-json\/wp\/v2\/media?parent=2681"}],"curies":[{"name":"wp","href":"https:\/\/api.w.org\/{rel}","templated":true}]}}