{"id":2687,"date":"2019-05-12T02:47:36","date_gmt":"2019-05-12T02:47:36","guid":{"rendered":"http:\/\/unadeca.net\/cwhite4\/?page_id=2687"},"modified":"2019-05-12T02:51:02","modified_gmt":"2019-05-12T02:51:02","slug":"juan-norton","status":"publish","type":"page","link":"https:\/\/unadeca.net\/cwhite\/juan-norton\/","title":{"rendered":"Juan Norton Loughborough"},"content":{"rendered":"\t\t<div data-elementor-type=\"wp-post\" data-elementor-id=\"2687\" class=\"elementor elementor-2687\">\n\t\t\t\t\t\t<section class=\"elementor-section elementor-top-section elementor-element elementor-element-1f89caa elementor-section-full_width section-title background elementor-section-height-default elementor-section-height-default\" data-id=\"1f89caa\" data-element_type=\"section\" data-settings=\"{&quot;background_background&quot;:&quot;classic&quot;}\">\n\t\t\t\t\t\t<div class=\"elementor-container elementor-column-gap-default\">\n\t\t\t\t\t<div class=\"elementor-column elementor-col-100 elementor-top-column elementor-element elementor-element-f5b6bb4\" data-id=\"f5b6bb4\" data-element_type=\"column\">\n\t\t\t<div class=\"elementor-widget-wrap elementor-element-populated\">\n\t\t\t\t\t\t<div class=\"elementor-element elementor-element-7495853 text-white elementor-widget elementor-widget-heading\" data-id=\"7495853\" data-element_type=\"widget\" data-widget_type=\"heading.default\">\n\t\t\t\t<div class=\"elementor-widget-container\">\n\t\t\t\t\t<h3 class=\"elementor-heading-title elementor-size-default\">Juan Norton Loughborough<\/h3>\t\t\t\t<\/div>\n\t\t\t\t<\/div>\n\t\t\t\t\t<\/div>\n\t\t<\/div>\n\t\t\t\t\t<\/div>\n\t\t<\/section>\n\t\t\t\t<section class=\"elementor-section elementor-top-section elementor-element elementor-element-6ab36b43 elementor-section-boxed elementor-section-height-default elementor-section-height-default\" data-id=\"6ab36b43\" data-element_type=\"section\">\n\t\t\t\t\t\t<div class=\"elementor-container elementor-column-gap-default\">\n\t\t\t\t\t<div class=\"elementor-column elementor-col-66 elementor-top-column elementor-element elementor-element-3f877353\" data-id=\"3f877353\" data-element_type=\"column\">\n\t\t\t<div class=\"elementor-widget-wrap elementor-element-populated\">\n\t\t\t\t\t\t<div class=\"elementor-element elementor-element-5dcf78f7 elementor-widget elementor-widget-text-editor\" data-id=\"5dcf78f7\" data-element_type=\"widget\" data-widget_type=\"text-editor.default\">\n\t\t\t\t<div class=\"elementor-widget-container\">\n\t\t\t\t\t\t\t\t\t<h3><img decoding=\"async\" class=\"wp-image-83 size-full alignleft\" src=\"http:\/\/unadeca.net\/cwhite\/wp-content\/uploads\/2013\/07\/johnand.jpg\" alt=\"sample image\" width=\"161\" height=\"210\" \/> <strong>PRIMER HISTORIADOR DE LA IGLESIA<\/strong><\/h3><p style=\"font-weight: 400;\">Naci\u00f3 el 26 de enero de 1832 &#8211; Muri\u00f3 el 7 de abril de 1924<\/p><p style=\"font-weight: 400;\">Juan Norton Loughborough lleg\u00f3 a ser un adventista guardador del S\u00e1bado como resultado de las labores de J. N. Andrews. Comenz\u00f3 a predicar inmediatamente y fue ordenado al ministerio en 1854. Lleg\u00f3 a ser el primer misionero (en California claro est\u00e1) en el a\u00f1o de 1868. En 1878 fue enviado a Europa. Fue presidente de la Asociaci\u00f3n de Illinois. Por seis a\u00f1os fue superintendente de los distritos de la Asociaci\u00f3n General formados por Asociaciones.<\/p><p style=\"font-weight: 400;\">\u00a0Fue el primer historiador de la denominaci\u00f3n al escribir el libro The Rise and Progress of Seventh-Day Adventists el cual fue seguido por The Great Second Advent Movement. Fue, adem\u00e1s, autor de libros m\u00e1s peque\u00f1os. Loughborough fue el primer hombre en recibir la ordenaci\u00f3n en lo que m\u00e1s tarde se conocer\u00eda como Iglesia Adventista del S\u00e9ptimo D\u00eda. Esto sucedi\u00f3 cuando ten\u00eda 22 a\u00f1os de edad.<\/p><p style=\"font-weight: 400;\">Al igual que la mayor\u00eda de los primeros dirigentes adventistas, John Loughborough tom\u00f3 inter\u00e9s genuino en la obra de publicaciones. Un d\u00eda \u00e9l y Jaime White estaban discutiendo sobre maneras para hacer avanzar la obra del evangelio. Se sugiri\u00f3 que si ofrec\u00edan libros a la gente, en p\u00fablico, en conexi\u00f3n con los servicios de predicaci\u00f3n, \u00e9sta estar\u00eda dispuesta a comprarlos y pagar por ellos una suma peque\u00f1a, preparando as\u00ed el camino para producir m\u00e1s publicaciones. El joven y alerta predicador dijo: &#8220;Voy a probar&#8221;. As\u00ed, en una de las reuniones se exhibieron folletos desde el p\u00falpito ofreci\u00e9ndolos en venta. Al finalizar el serm\u00f3n muchas personas se adelantaron y los compraron. En esa \u00e9poca se pod\u00eda comprar una serie completa de toda la literatura adventista publicada, incluyendo folletos y un libro de tapas blancas, por 35 centavos. Hoy costar\u00eda centenares de d\u00f3lares comprar una copia de toda la literatura adventista del s\u00e9ptimo d\u00eda publicada en muchos idiomas.<\/p><p style=\"font-weight: 400;\">Loughborough fue realmente un gran pionero, que prest\u00f3 sus muchos talentos al desarrollo de la obra dondequiera que hubiera una necesidad.<\/p><p style=\"font-weight: 400;\">&#8220;En 1908, a la edad de setenta y seis a\u00f1os, comenz\u00f3 un viaje alrededor del mundo, visitando los principales centros de la obra Adventista del S\u00e9ptimo D\u00eda. Viaj\u00f3 treinta mil millas por agua y seis mil por tierra. Con esto termin\u00f3 su servicio activo exceptuado alg\u00fan viaje ocasional a un congreso o a una sesi\u00f3n de la Asociaci\u00f3n General, o de tomar su pluma para escribir reminiscencias de d\u00edas idos. Vivi\u00f3 con su hija, la Sra. J. J. Ireland, en Lodi, California. Cuando ella y su esposo fueron llamados a Washington, D. C., la salud del pastor Loughborough estaba decayendo y pas\u00f3 sus \u00faltimos a\u00f1os en el Sanatorio St. Helena, donde dej\u00f3 de existir apaciblemente el 7 de abril de 1924 a la edad de noventa y dos a\u00f1os. Su funeral se realiz\u00f3 en la iglesia de St. Helena que era una de las primeras que \u00e9l levant\u00f3 en California hac\u00eda m\u00e1s de cincuenta a\u00f1os atr\u00e1s&#8221;.<\/p><p style=\"font-weight: 400;\">Vea:\u00a0<em>Pioneer Stories Retold, p\u00e1gs. 115-142; Footprints of the Pioneers, p\u00e1gs.\u00a0<\/em><em>147-156.<\/em><\/p><p style=\"font-weight: 400;\">\u00a0<\/p><h3 style=\"font-weight: 400;\"><strong>Una Historia Acerca de Juan N. Loughborough<\/strong><\/h3><p style=\"font-weight: 400;\">Poco tiempo despu\u00e9s de que Juan Loughborough llegara a ser Adventista del S\u00e9ptimo d\u00eda, recibi\u00f3 la impresi\u00f3n que deb\u00eda ir a predicar el mensaje, pero vacil\u00f3 hasta que pudiera ganar suficiente dinero para mantener a su esposa. Trat\u00f3 de hacer que tuviera \u00e9xito el negocio en el cual estaba comprometido, pero fall\u00f3. Sus fondos eran insuficientes. Entonces fue a una reuni\u00f3n en Rochester. Durante esa reuni\u00f3n la hna. White tuvo una visi\u00f3n. Relatando esta visi\u00f3n, ella dijo: &#8220;El hno. Loughborough no est\u00e1 cumpliendo con su deber de predicar el mensaje tratando de obtener medios para su sost\u00e9n. El Se\u00f1or me orden\u00f3 que dijera: &#8216;Decida predicar el mensaje y el Se\u00f1or abrir\u00e1 el camino para el sost\u00e9n de su familia'&#8221;. Divine Predictions Fulfield, p\u00e1gs. 25-27.<\/p><p style=\"font-weight: 400;\">Despu\u00e9s de la reuni\u00f3n, Juan Loughborough fue a su casa y or\u00f3. Le dijo al Se\u00f1or: &#8220;Ir\u00e9 confiado en t\u00ed de que proveer\u00e1s para mi sostenimiento&#8221;. Cuando hizo esta promesa s\u00f3lo ten\u00eda tres centavos en su bolsillo y no sab\u00eda de d\u00f3nde conseguir\u00eda m\u00e1s dinero. Pero se sent\u00eda feliz.<\/p><p style=\"font-weight: 400;\">El lunes de ma\u00f1ana su esposa le dijo: &#8220;Juan, se terminaron los f\u00f3sforos y necesito hilo&#8221;. El pastor Loughborough sac\u00f3 los centavos de su bolsillo y le dijo: &#8220;Mar\u00eda, esto es todo el dinero que tengo. Consigue f\u00f3sforos con un centavo, y un carrete de hilo y tr\u00e1eme un centavo de vuelta. No quiero quedarme completamente sin dinero&#8221;.<\/p><p style=\"font-weight: 400;\">Su esposa se puso l\u00edvida. &#8220;\u00bfQu\u00e9 vamos a hacer?&#8221;, exclam\u00f3. Juan Loughborough le contest\u00f3: &#8220;Voy a ir a predicar dejar\u00e9 que el Se\u00f1or abra el camino para nosotros como prometi\u00f3 hacerlo en la visi\u00f3n el s\u00e1bado pasado&#8221;.<\/p><p style=\"font-weight: 400;\">Mar\u00eda Loughborough se fue a su habitaci\u00f3n a llorar. Llor\u00f3 por una hora. Entonces sali\u00f3 para hacer sus compras. Apenas hac\u00eda unos minutos que hab\u00eda salido cuando un hombre extra\u00f1o llam\u00f3 a la puerta y pidi\u00f3 cerraduras de ventanas por valor de sesenta d\u00f3lares. El hermano Loughborough tratando de vender cerraduras sin \u00e9xito. Ahora, desde que \u00e9l prometi\u00f3 obedecer al Se\u00f1or y llegar a ser un predicador, el Se\u00f1or comenz\u00f3 a trabajar por \u00e9l&#8221;.<\/p><p style=\"font-weight: 400;\">El hombre le dijo: &#8220;Vendr\u00e9 a buscar las cerraduras al mediod\u00eda y entonces las pagar\u00e9&#8221;. El hermano Loughborough s\u00f3lo ten\u00eda que caminar unas dos cuadras hasta la f\u00e1brica donde hizo el pedido por las cerraduras. La venta se realiz\u00f3 como se hab\u00eda planeado y su ganancia fue m\u00e1s de treinta d\u00f3lares. \u00a1Treinta d\u00f3lares era mucho dinero all\u00e1 por los a\u00f1os 1850!<\/p><p style=\"font-weight: 400;\">Cuando Mar\u00eda Loughborough volvi\u00f3 con sus compras, encontr\u00f3 a su esposo cantando. &#8220;Pareces estar muy feliz&#8221;, le dijo:<\/p><p style=\"font-weight: 400;\">&#8220;S\u00ed, replic\u00f3 \u00e9l. Y le cont\u00f3 lo que hab\u00eda ocurrido. Entonces ella se fue a su habitaci\u00f3n a llorar por otra hora, pero esta vez por una raz\u00f3n diferente&#8221;.<\/p><p style=\"font-weight: 400;\">El pastor Loughborough fue obediente a la visi\u00f3n celestial. Lleg\u00f3 a ser un predicador de \u00e9xito. Dios lo us\u00f3 de una manera poderosa para desarrollar los intereses de Su causa.<\/p>\t\t\t\t\t\t\t\t<\/div>\n\t\t\t\t<\/div>\n\t\t\t\t\t<\/div>\n\t\t<\/div>\n\t\t\t\t<div class=\"elementor-column elementor-col-33 elementor-top-column elementor-element elementor-element-783249e sidebar\" data-id=\"783249e\" data-element_type=\"column\">\n\t\t\t<div class=\"elementor-widget-wrap elementor-element-populated\">\n\t\t\t\t\t\t<div class=\"elementor-element elementor-element-5b74bca3 elementor-widget elementor-widget-sidebar\" data-id=\"5b74bca3\" data-element_type=\"widget\" data-widget_type=\"sidebar.default\">\n\t\t\t\t<div class=\"elementor-widget-container\">\n\t\t\t\t\t<section id=\"search-2\" class=\"widget widget_search\"><form rol=\"search\" method=\"GET\" action=\"https:\/\/unadeca.net\/cwhite\/\">\n  <input type=\"search\"class=\"form-control\"\n  placeholder=\"Buscar\"\n  name=\"s\"\n  title=\"Buscar\"\n  value=\"\">\n<\/form>\n<\/section><section id=\"latest_news-2\" class=\"widget widget_latest_news\"><h2 class=\"widget-title\">Otras publicaciones<\/h2><a href=\"https:\/\/unadeca.net\/cwhite\/2026\/04\/15\/pensamiento-del-dia-310\/\" class=\"sidebar-news\" >\n                <div class=\"media-body\" style=\"padding-bottom:20px !important;\">\n                    <h5 class=\"title-news\">PENSAMIENTO DEL D\u00cdA<\/h5>\n                <h5 class=\"date-news\">15-04-2026<\/h5>\n                <p>&#8220;Manifestar enojo hacia un hijo que se equiv...<\/p>\n                <\/div>\n                <\/a><a href=\"https:\/\/unadeca.net\/cwhite\/2026\/04\/14\/pensamiento-del-dia-309\/\" class=\"sidebar-news\" >\n                <div class=\"media-body\" style=\"padding-bottom:20px !important;\">\n                    <h5 class=\"title-news\">PENSAMIENTO DEL D\u00cdA<\/h5>\n                <h5 class=\"date-news\">14-04-2026<\/h5>\n                <p>&#8220;Necesitamos no estar todo el tiempo de rodi...<\/p>\n                <\/div>\n                <\/a><a href=\"https:\/\/unadeca.net\/cwhite\/2026\/04\/13\/pensamiento-del-dia-308\/\" class=\"sidebar-news\" >\n                <div class=\"media-body\" style=\"padding-bottom:20px !important;\">\n                    <h5 class=\"title-news\">PENSAMIENTO DEL D\u00cdA<\/h5>\n                <h5 class=\"date-news\">13-04-2026<\/h5>\n                <p>&#8220;La vida espiritual puede mantenerse vigoros...<\/p>\n                <\/div>\n                <\/a><a href=\"https:\/\/unadeca.net\/cwhite\/2026\/04\/09\/pensamiento-del-dia-307\/\" class=\"sidebar-news\" >\n                <div class=\"media-body\" style=\"padding-bottom:20px !important;\">\n                    <h5 class=\"title-news\">PENSAMIENTO DEL D\u00cdA<\/h5>\n                <h5 class=\"date-news\">09-04-2026<\/h5>\n                <p>&#8220;LA ATM\u00d3SFERA La atm\u00f3sfera que rodea el al...<\/p>\n                <\/div>\n                <\/a><a href=\"https:\/\/unadeca.net\/cwhite\/2026\/04\/08\/pensamiento-del-dia-306\/\" class=\"sidebar-news\" >\n                <div class=\"media-body\" style=\"padding-bottom:20px !important;\">\n                    <h5 class=\"title-news\">PENSAMIENTO DEL D\u00cdA<\/h5>\n                <h5 class=\"date-news\">08-04-2026<\/h5>\n                <p>&#8220;S\u00c9 SALUDABLE,ramas que dan fruto de la vid...<\/p>\n                <\/div>\n                <\/a><a href=\"https:\/\/unadeca.net\/cwhite\/2026\/04\/07\/pensamiento-del-dia-305\/\" class=\"sidebar-news\" >\n                <div class=\"media-body\" style=\"padding-bottom:20px !important;\">\n                    <h5 class=\"title-news\">PENSAMIENTO DEL D\u00cdA<\/h5>\n                <h5 class=\"date-news\">07-04-2026<\/h5>\n                <p>&#8220;La verdad b\u00edblica debe presentarse de una ...<\/p>\n                <\/div>\n                <\/a><a href=\"https:\/\/unadeca.net\/cwhite\/2026\/04\/06\/pensamiento-del-dia-304\/\" class=\"sidebar-news\" >\n                <div class=\"media-body\" style=\"padding-bottom:20px !important;\">\n                    <h5 class=\"title-news\">PENSAMIENTO DEL D\u00cdA<\/h5>\n                <h5 class=\"date-news\">06-04-2026<\/h5>\n                <p>\u201cExiste una atm\u00f3sfera peculiar que rodea el alm...<\/p>\n                <\/div>\n                <\/a><a href=\"https:\/\/unadeca.net\/cwhite\/2026\/03\/31\/pensamiento-del-dia-303\/\" class=\"sidebar-news\" >\n                <div class=\"media-body\" style=\"padding-bottom:20px !important;\">\n                    <h5 class=\"title-news\">PENSAMIENTO DEL D\u00cdA<\/h5>\n                <h5 class=\"date-news\">31-03-2026<\/h5>\n                <p>&#8220;LA CONCIENCIAde hacer lo correcto es la mej...<\/p>\n                <\/div>\n                <\/a><a href=\"https:\/\/unadeca.net\/cwhite\/2026\/03\/30\/pensamiento-del-dia-302\/\" class=\"sidebar-news\" >\n                <div class=\"media-body\" style=\"padding-bottom:20px !important;\">\n                    <h5 class=\"title-news\">PENSAMIENTO DEL D\u00cdA<\/h5>\n                <h5 class=\"date-news\">30-03-2026<\/h5>\n                <p>&#8220;MUCHOS DE LOS J\u00d3VENESson imprudentes en su...<\/p>\n                <\/div>\n                <\/a><a href=\"https:\/\/unadeca.net\/cwhite\/2026\/03\/26\/pensamiento-del-dia-301\/\" class=\"sidebar-news\" >\n                <div class=\"media-body\" style=\"padding-bottom:20px !important;\">\n                    <h5 class=\"title-news\">PENSAMIENTO DEL D\u00cdA<\/h5>\n                <h5 class=\"date-news\">26-03-2026<\/h5>\n                <p>&#8220;Padres y madres,hablen con bondad a sus hij...<\/p>\n                <\/div>\n                <\/a><\/ul><\/section><section id=\"latest_events-2\" class=\"widget widget_latest_events\"><h2 class=\"widget-title\">Pr\u00f3ximos Eventos<\/h2><p style=\"padding:25px;\">No listing found<\/p><\/section>\t\t\t\t<\/div>\n\t\t\t\t<\/div>\n\t\t\t\t\t<\/div>\n\t\t<\/div>\n\t\t\t\t\t<\/div>\n\t\t<\/section>\n\t\t\t\t<\/div>\n\t\t","protected":false},"excerpt":{"rendered":"<p>Juan Norton Loughborough PRIMER HISTORIADOR DE LA IGLESIA Naci\u00f3 el 26 de enero de 1832 &#8211; Muri\u00f3 el 7 de abril de 1924 Juan Norton Loughborough lleg\u00f3 a ser un adventista guardador del S\u00e1bado como resultado de las labores de J. N. Andrews. Comenz\u00f3 a predicar inmediatamente y fue ordenado al ministerio en 1854. Lleg\u00f3 [&hellip;]<\/p>\n","protected":false},"author":1,"featured_media":0,"parent":0,"menu_order":0,"comment_status":"closed","ping_status":"closed","template":"","meta":{"footnotes":""},"class_list":["post-2687","page","type-page","status-publish","hentry"],"_links":{"self":[{"href":"https:\/\/unadeca.net\/cwhite\/wp-json\/wp\/v2\/pages\/2687","targetHints":{"allow":["GET"]}}],"collection":[{"href":"https:\/\/unadeca.net\/cwhite\/wp-json\/wp\/v2\/pages"}],"about":[{"href":"https:\/\/unadeca.net\/cwhite\/wp-json\/wp\/v2\/types\/page"}],"author":[{"embeddable":true,"href":"https:\/\/unadeca.net\/cwhite\/wp-json\/wp\/v2\/users\/1"}],"replies":[{"embeddable":true,"href":"https:\/\/unadeca.net\/cwhite\/wp-json\/wp\/v2\/comments?post=2687"}],"version-history":[{"count":3,"href":"https:\/\/unadeca.net\/cwhite\/wp-json\/wp\/v2\/pages\/2687\/revisions"}],"predecessor-version":[{"id":2690,"href":"https:\/\/unadeca.net\/cwhite\/wp-json\/wp\/v2\/pages\/2687\/revisions\/2690"}],"wp:attachment":[{"href":"https:\/\/unadeca.net\/cwhite\/wp-json\/wp\/v2\/media?parent=2687"}],"curies":[{"name":"wp","href":"https:\/\/api.w.org\/{rel}","templated":true}]}}